te h(31).
14
Let s(l) = 13*l**3 - 66*l**2 + 9*l - 25. What is s(5)?
-5
Let x(t) = 2*t**3 - 8*t**2 - 5*t + 5. Determine x(4).
-15
Let m(o) = -o**3 + 18*o**2 - 3*o + 4. Determine m(18).
-50
Let g(x) = x**3 - 2*x**2 - 7*x - 133. Give g(7).
63
Let f(s) = -s**3 + 7*s**2 - s + 40. What is f(8)?
-32
Let q(p) = p**3 - 62*p**2 + 56*p + 307. What is q(61)?
2
Let s(i) = -9*i**2 - 6*i + 24. What is s(3)?
-75
Let o(p) = 2*p**2 - 55*p + 55. Determine o(27).
28
Let j(w) = w**3 - 105*w**2 - 101*w - 504. Give j(106).
26
Let r(a) = -a**3 + 33*a**2 + 26*a + 276. Determine r(34).
4
Let p(b) = -b**2 + 20*b + 206. What is p(-8)?
-18
Let y(o) = 158*o + 599. Give y(-4).
-33
Let t(w) = -15*w**2 + 88*w - 123. Give t(2).
-7
Let v(t) = 7688*t - 130693. Determine v(17).
3
Let o(u) = -u**3 + 5*u**2 + 14*u - 123. Calculate o(7).
-123
Let u(v) = 2*v**3 + 7*v**2 + 19*v + 29. Determine u(-3).
-19
Let u(x) = -720*x + 3589. Calculate u(5).
-11
Let t(s) = 1138*s + 13652. What is t(-12)?
-4
Let t(z) = -z**2 - 35*z - 35. What is t(-34)?
-1
Let t(v) = -39*v - 113. Calculate t(-3).
4
Let q(n) = -n**2 - 4*n + 573. Give q(-26).
1
Let o(g) = -2*g**3 + 99*g**2 - 49*g + 19. What is o(49)?
19
Let c(z) = -69*z - 156. Calculate c(-2).
-18
Let a(i) = i**2 - 24*i - 1427. Determine a(48).
-275
Let y(t) = 2*t**2 - 39*t + 138. Calculate y(12).
-42
Let m(b) = 75*b - 2629. What is m(35)?
-4
Let r(i) = -i**2 - 401*i + 1608. Give r(4).
-12
Let f(q) = -q**3 - 3*q**2 + 41*q - 15. What is f(5)?
-10
Let r(b) = 388*b + 5044. What is r(-13)?
0
Let p(g) = -g**3 - 29*g**2 + 331*g + 19. What is p(9)?
-80
Let l(h) = -h**3 - 2*h**2 - 21*h - 27. Determine l(-5).
153
Let f(i) = i + 74. Calculate f(25).
99
Let w(z) = 6*z**2 - 352*z + 49. Calculate w(59).
167
Let a(l) = 64*l - 470. Calculate a(7).
-22
Let q(y) = -15*y**2 + 1320*y - 64. Determine q(88).
-64
Let x(c) = -24*c + 558. Give x(19).
102
Let b(r) = -r**3 - 71*r**2 - 619*r - 70. Calculate b(-61).
479
Let t(d) = -2*d**2 + 55*d + 220. Give t(31).
3
Let h(q) = -2951*q + 59017. Calculate h(20).
-3
Let m(b) = b**3 - 46*b**2 - 57*b + 4581. Determine m(45).
-9
Let t(v) = -43*v + 2939. Calculate t(68).
15
Let k(y) = 2*y**3 - 6*y**2 - 2*y - 5. What is k(0)?
-5
Let a(m) = m**3 - m**2 - 13*m - 276. Give a(7).
-73
Let f(z) = -3*z**3 - 39*z**2 + 3*z + 24. What is f(-13)?
-15
Let f(m) = -3*m**2 - 42*m - 131. What is f(-6)?
13
Let t(c) = -c**2 + 27*c - 203. Give t(28).
-231
Let c(t) = -2*t - 5. Determine c(-16).
27
Let u(w) = -4*w**3 - 2*w**2 + 6*w + 7. What is u(-3)?
79
Let l(j) = -5814*j + 23257. Calculate l(4).
1
Let r(u) = -19*u**2 + 725*u - 111. Calculate r(38).
3
Let y(r) = 136*r - 297. Calculate y(3).
111
Let a(p) = -113*p - 777. Determine a(-7).
14
Let w(i) = 2*i**3 - 47*i**2 + 143*i - 53. Give w(20).
7
Let s(z) = -z**3 - 23*z**2 - 310*z + 5. Calculate s(0).
5
Let d(z) = -23*z + 890. Give d(38).
16
Let s(o) = 2*o**3 - 111*o**2 + 721*o - 53. What is s(48)?
-5
Let i(z) = z**3 - 9*z**2 + 37*z - 124. Calculate i(7).
37
Let d(m) = -2*m**3 + 41*m**2 - 118*m - 12. Calculate d(17).
5
Let u(p) = -322*p - 312. Calculate u(-1).
10
Let v(g) = 2*g**2 + 235*g - 1396. Determine v(-123).
-43
Let z(p) = p**3 + 27*p**2 - 10*p - 201. What is z(-27)?
69
Let x(g) = -g**2 + 42*g - 10. Give x(37).
175
Let q(p) = -56*p - 361. What is q(-7)?
31
Let o(l) = 2*l**3 + 10*l**2 + 10*l + 15. Give o(-4).
7
Let l(a) = -a**3 - 54*a**2 - 52*a + 61. What is l(-53)?
8
Let d(a) = 20*a - 92. Determine d(14).
188
Let g(m) = -m**3 - 23*m**2 + 22*m - 13. Determine g(-24).
35
Let z(t) = -48*t + 1642. Determine z(34).
10
Let a(n) = 2*n**2 + 38*n + 34. Determine a(-12).
-134
Let d(o) = -40*o + 389. Calculate d(11).
-51
Let j(x) = 3*x**3 - 48*x**2 + 2*x - 18. Calculate j(16).
14
Let a(i) = -i**3 + 2*i**2 + 54*i - 57. What is a(-7)?
6
Let o(q) = q**3 + 13*q**2 - 14*q - 181. What is o(-13)?
1
Let v(r) = -r**2 - 8*r + 485. Determine v(-26).
17
Let k(t) = t - 61. Calculate k(34).
-27
Let z(w) = -368*w - 19133. Calculate z(-52).
3
Let g(i) = -3*i**3 + 152*i**2 + 56*i - 122. Determine g(51).
133
Let v(q) = 9442*q + 66100. What is v(-7)?
6
Let b(z) = 18*z - 394. Calculate b(22).
2
Let y(a) = 147*a + 890. Calculate y(-7).
-139
Let t(k) = 4*k**3 - 9*k**2 - 30*k - 44. Calculate t(-3).
-143
Let w(r) = -22*r + 894. What is w(43)?
-52
Let y(q) = q**2 + 2*q - 1237. Determine y(-36).
-13
Let c(t) = -t**2 + 50*t - 168. Calculate c(4).
16
Let g(y) = y**3 - 12*y**2 - y + 11. Determine g(12).
-1
Let l(x) = 31*x - 1433. Give l(46).
-7
Let h(r) = r**2 + 152*r - 4023. What is h(23)?
2
Let l(x) = 15*x**2 - 283*x - 282. Give l(-1).
16
Let t(i) = 1980*i + 13859. Give t(-7).
-1
Let o(f) = -f**3 - 178*f**2 - 852*f + 58. Determine o(-5).
-7
Let w(s) = s**3 + 223*s**2 + 5790*s - 8. Determine w(-193).
-8
Let j(c) = 77*c - 470. What is j(6)?
-8
Let r(t) = -t + 701. Calculate r(-54).
755
Let f(u) = u**3 + 26*u**2 - 43*u + 393. Determine f(-28).
29
Let x(z) = 6*z**3 - 3*z**2 - 26*z + 61. Determine x(2).
45
Let j(p) = p**3 - 12*p**2 - 28*p + 4. Give j(14).
4
Let z(j) = j**3 + 15*j**2 + 8*j - 79. Determine z(-14).
5
Let v(k) = -k**3 - 37*k**2 + 27*k + 993. Determine v(-37).
-6
Let o(y) = -333*y**3 - 6*y - 8. Determine o(-1).
331
Let j(c) = -183*c + 901. Calculate j(5).
-14
Let b(u) = 111*u - 376. Give b(2).
-154
Let c(m) = m**3 + 21*m**2 - 124*m - 45. Calculate c(-26).
-201
Let x(w) = -w**3 + w**2 + 44*w - 119. Calculate x(5).
1
Let j(k) = -2*k**3 + 18*k**2 + 271*k - 4. What is j(-8)?
4
Let g(t) = t**2 + 338*t - 4931. What is g(14)?
-3
Let b(n) = 7*n**2 + 59*n - 667. Determine b(9).
431
Let r(n) = 7*n**3 + 66*n**2 + 70*n + 4. What is r(-1)?
-7
Let q(g) = 424*g + 3054. Determine q(-8).
-338
Let w(c) = -3*c**3 + 30*c**2 - 6*c + 73. Determine w(10).
13
Let i(k) = -14*k**2 - 4*k. What is i(1)?
-18
Let a(d) = 1086*d - 6554. What is a(6)?
-38
Let d(i) = -5*i + 24. Calculate d(6).
-6
Let p(n) = -9*n**2 - 3*n + 16. Determine p(3).
-74
Let m(o) = -o**2 - 2*o + 48. Determine m(10).
-72
Let y(v) = -2*v**3 - 83*v**2 + 45*v + 26. Give y(-42).
-100
Let u(j) = -j**3 - 9*j**2 - 53*j - 1069. Calculate u(-12).
-1
Let i(c) = -30*c**2 + 285*c - 25. Give i(10).
-175
Let j(p) = -19*p**2 - 50*p - 19. Calculate j(-4).
-123
Let u(w) = w**3 + 10*w**2 + 55*w + 401. What is u(-9)?
-13
Let o(g) = 29*g + 637. What is o(-27)?
-146
Let u(t) = -2*t**3 - 96*t**2 + 139*t + 2006. Give u(-49).
-3
Let f(d) = 60*d + 368. Calculate f(-5).
68
Let r(b) = 22561*b + 90243. What is r(-4)?
-1
Let q(f) = 9*f**2 + 15*f - 7. What is q(-3)?
29
Let a(n) = -326*n**2 + 1635*n - 6. Give a(5).
19
Let m(x) = 14*x - 1095. Calculate m(68).
-143
Let t(k) = 49*k - 910. Determine t(18).
-28
Let n(j) = j**3 + 7*j**2 - 4*j - 64. What is n(-6)?
-4
Let q(w) = -36*w**3 + w**2 - 7. Calculate q(-2).
285
Let r(p) = -8*p**2 + 30*p + 1. Give r(4).
-7
Let b(k) = -275*k - 7700. What is b(-28)?
0
Let k(m) = m**2 - 39*m + 172. Calculate k(38).
134
Let q(y) = 234*y + 2939. Determine q(-13).
-103
Let n(r) = 1531*r - 47461. Calculate n(31).
0
Let q(t) = -59*t**3 + 2*t**2 + 7*t - 8. What is q(1)?
-58
Let d(u) = 3*u**2 - 300*u + 1425. Give d(95).
0
Let c(y) = -719*y - 53964. Give c(-75).
-39
Let u(a) = -a**2 - 1815*a - 7242. Give u(-4).
2
Let w(c) = 67*c + 817. Calculate w(-14).
-121
Let q(f) = -f**3 + 15*f**2 + 33*f - 834. Determine q(12).
-6
Let x(m) = 16*m - 94. Calculate x(8).
34
Let z(v) = 2*v**3 + 3*v**2 + 84*v + 278. Give z(-3).
-1
Let g(x) = 14*x - 485. Determine g(35).
5
Let x(q) = 3*q**2 - 14*q - 167. What is x(-6)?
25
Let h(i) = -314*i - 311. Determine h(-1).
3
Let o(g) = -19*g - 54. Calculate o(-2).
-16
Let g(p) = p**3 - 35*p**2 + 28*p + 73. Give g(34).
-131
Let d(f) = f**3 + 11*f**2 - 8*f + 230. Give d(-13).
-4
Let d(j) = 9*j - 80. Determine d(13).
37
Let o(w) = -11823*w - 47295. Give o(-4).
-3
Let m(s) = 2*s**2 - 17*s - 3866. Calculate m(48).
-74
Let q(r) = r**3 + 3*r**2 - 5*r - 6. Give q(5).
169
Let y(m) = -17*m**3 + 68*m**2 - m - 8. Determine y(4).
-12
Let y(w) = 2*w**2 - 66*w + 62. Determine y(32).
-2
Let q(m) = m**2 + 60*m - 2423. What is q(-87)?
-74
Let r(s) = 11*s + 235. What is r(-19)?
26
Let a(z) = 34*z**2 - 113*z + 33. Determine a(3).
0
Let z(j) = -j**3 - 22*j**2 + 41*j - 73. Give z(-24).
95
Let b(m) = -m**3 + 5*m**2 + 596*m - 4055. Give b(7).
19
Let k(u) = -u**3 + 10*u**2 - 38*u + 63. What is k(